te the highest common factor of z and w.
22
Suppose -4*q = 5*v - 553, 0 = -5*q - 4*v + v + 701. Suppose 0 = -7*h + q + 12. Calculate the greatest common divisor of 2 and h.
2
Let p = 3352 - 3102. What is the greatest common factor of 2375 and p?
125
Let r = -650 + 639. Let c be r/((-33)/(-729))*-1. Calculate the greatest common factor of c and 54.
27
Let f be ((-8)/(-5))/(34/(-85)) - -9. Let a be (-352)/(-64) + f/(-2). Let p be 30/18 - a/(-9) - -241. Calculate the highest common factor of 27 and p.
27
Let v = 5326 + -5310. What is the greatest common divisor of v and 7024?
16
Let n = 27937 - 27921. Let b be 1/(-4) + (-644)/(-16). What is the highest common factor of n and b?
8
Suppose -30 = -o - 0. Let s = -620 + 640. Calculate the highest common divisor of o and s.
10
Let c be 5/(15/(-6))*-6. Let h be -54*(-5 + 52*2/24). Calculate the greatest common divisor of c and h.
12
Suppose -w - 7 = -3*f, 4*f + 0 = 4*w - 4. Suppose -4 = y + 3*l - 34, 60 = f*y - 3*l. Let i = 8 - -10. Calculate the highest common divisor of y and i.
18
Let y(t) = t**2 + 6*t + 7. Let v be y(-3). Let u = v - -4. Suppose 2*o - u*i - 214 = 0, -2*i + 3 + 5 = 0. Calculate the greatest common factor of 37 and o.
37
Let i be -147 + 1/(5/(-30)). Let y = i + 225. Calculate the greatest common factor of y and 8.
8
Suppose 2*c - x + 1 = 243, 0 = 3*c + x - 353. Calculate the greatest common divisor of c and 15232.
119
Let j be 21 + 594/(-45) - 16/20. Calculate the highest common factor of 1561 and j.
7
Let p(t) = -t - 5. Let h be p(-13). Suppose -3*f + h = 2*j, j + 0*j = -3*f + 10. Let k be 110/f + 1 + 39/26. What is the highest common divisor of k and 10?
10
Let s = 399 + -175. Let q be 31968/s + 4/14. What is the greatest common factor of q and 44?
11
Let z = 1274 + -861. Let v = z + -391. Calculate the greatest common divisor of 209 and v.
11
Suppose 12*o = 10*o + 6. Suppose 5*j = o*j + 30. Let b be 50/j*(-81)/(-6). What is the highest common divisor of b and 135?
45
Suppose 3*t = -2*n + 152, 2*n = n + 3*t + 58. Let y(w) = 2*w - 23. Let q be y(13). Let b be 2 - (-6 + q/3). Calculate the greatest common factor of b and n.
7
Suppose 501*b + 5124547 = -61*b + 18075837. Calculate the greatest common factor of 55 and b.
55
Let z be (45216/2198)/(-2 - (-62)/28). Let k = 10 + -7. What is the highest common factor of z and k?
3
Suppose -21*f = -20*f - 50. Let q = f - 31. Calculate the highest common divisor of q and 19.
19
Let n(s) = 17*s - 99. Let g be n(13). Let j = 125 - g. Calculate the greatest common divisor of j and 51.
3
Suppose 0 = -u + 4*u - 51. Suppose -3*k - 3*y + 3927 = 0, 10*y = 8*y. Suppose -19*p + 26*p - k = 0. What is the greatest common factor of p and u?
17
Let r(v) = 2*v - 2. Let p be r(4). Suppose 0 = -5*a + p*a - 4. Let q be a/3*(5 - 2). Calculate the highest common factor of q and 36.
4
Suppose 0 = 3*y + 5*g - 151, 3*y + g = 269 - 102. Let u = y + -57. Let r(f) = f**2 + 2*f + 51. Let q be r(u). Calculate the greatest common divisor of q and 68.
17
Let t(w) = 5*w + 2. Let z be t(4). Suppose -z - 1756 = -14*g. Let u = -111 + g. What is the greatest common factor of 128 and u?
16
Let d be 0/(-7 + 4) + 41. Let t = 5 - -63. Let s = t - d. What is the greatest common factor of 9 and s?
9
Let z(n) = 82*n**2 + 2*n - 1. Let h be z(-5). Let b = -983 + h. Suppose 2*v = -3*k + 528, -3*k + b = 4*v - 4*k. What is the highest common divisor of v and 24?
24
Let j be (-4)/(-50) + (-3680)/(-4000). Calculate the highest common divisor of 25 and j.
1
Let m = -17013 + 17055. Calculate the greatest common factor of 1296 and m.
6
Let q(f) = 12*f**2 + 14*f + 42. Let u be q(-13). Suppose 88*a = 86*a + u. What is the greatest common divisor of a and 59?
59
Let h(j) = 2*j**3 + 35*j**2 - 21*j - 38. Let t be h(-18). What is the highest common divisor of 4696 and t?
8
Let o = 15 + -7. Suppose 2 = w - o. Let g(b) = b**3 + 24*b**2 + 93*b - 545. Let y be g(-16). Calculate the highest common divisor of w and y.
5
Let h be (30/(-30))/(1*1/(-16)). Let k = 5 + -5. Suppose 0*o + 2*o - 256 = k. What is the highest common divisor of h and o?
16
Suppose 10*j - 895 - 1637 = -402. What is the highest common divisor of 9 and j?
3
Let b(i) = 23*i + 6. Let w be b(-7). Let x = -87 - w. Let s = -1120 - -1137. What is the greatest common factor of s and x?
17
Suppose -2*a - 294 = -4*a + 2*n, 0 = -5*a + 2*n + 744. Calculate the highest common factor of a and 21.
3
Let k be 385/4 + (22/8 - 3). Suppose 4*y + 39 = z - 23, -3*y = 2*z + 41. Let i = y - -27. What is the greatest common divisor of i and k?
12
Let f = 119 - 71. Let p = 5655 - 5415. Calculate the greatest common divisor of f and p.
48
Let j(s) = 24*s + 33. Let x be j(-5). Let n = 90 + x. Suppose n*r = -2*c + 117, 0*r + 3*r - 114 = -c. Calculate the highest common factor of r and 333.
37
Suppose -7*d + 359 + 726 = 0. What is the highest common factor of d and 15?
5
Let f be ((-6574)/(-26) - -3) + (-106)/(-689). What is the highest common divisor of 224 and f?
32
Suppose y + 4 = 5*w - 6, 0 = -5*y - 2*w + 85. Calculate the highest common divisor of y and 1935.
15
Let w be (-569)/(-9) + 8/(-36). Let c(i) = -5*i + 10. Let d be c(2). Suppose d = 14*o - 12 - 86. What is the highest common factor of w and o?
7
Let n(g) = -2*g**2 + 33*g + 483. Let k be n(-9). Calculate the greatest common divisor of 536 and k.
8
Let z be (2 - 21/6)*(-800)/30*4. Calculate the greatest common factor of 460 and z.
20
Let u(a) = 754*a - 962. Let i(p) = -251*p + 321. Let j(h) = 16*i(h) + 5*u(h). Let w be j(-7). What is the greatest common divisor of w and 32?
32
Suppose 7 = -11*v + 194. Suppose -v*k + 146 = -15*k. What is the highest common factor of k and 219?
73
Let g = 3351 + -3231. What is the greatest common divisor of 1464 and g?
24
Let h be (-2009588)/(-686) - (-10)/(-7). Calculate the greatest common divisor of h and 240.
48
Let g(v) = v**2 + v - 17. Let p be g(-5). Suppose -j + 0*j = -p. Let s(x) = -53*x - 279. Let r be s(-6). What is the greatest common divisor of j and r?
3
Let i(z) = z**2 + 5*z + 3. Let b be i(0). Suppose -2*g - 3*d = -b, 3*g - 5*d = -2*g + 20. What is the greatest common divisor of g and 123?
3
Let l(t) = -t**2 - 5*t + 66. Let s be l(-11). Suppose 9*u - 315 - 180 = s. What is the highest common factor of 44 and u?
11
Suppose 0*x + 5*x = -2*y, 2*x + 5*y + 21 = 0. Suppose 9*g - 735 = x*g. What is the highest common factor of g and 5?
5
Let t(j) = 15*j**2 + 1029*j + 788. Let c be t(-68). Suppose 144 = 3*z - 4*i, 0 = 3*z - 2*i + i - 135. What is the highest common divisor of c and z?
44
Suppose 13*s - 1914 - 1518 = 0. Let m(i) = -48*i - 63. Let a be m(-2). Calculate the greatest common factor of a and s.
33
Let z be (-3)/(-9)*-6 - -4. Suppose 4*t = z*u + 122, -t - 4*u = -5*t + 132. Let r = 15 - 8. Calculate the highest common divisor of t and r.
7
Suppose 37*m + 2*y - 62 = 35*m, 2*y = 4*m - 100. Let i be 8*(-6)/(-216) + 372/m. What is the highest common divisor of 42 and i?
14
Suppose -294 = -2*p + 150*u - 146*u, -p + 133 = 5*u. What is the greatest common factor of p and 99?
11
Suppose -71*n + 87*n = 112. Suppose n*k - 739 = 2061. Calculate the greatest common factor of k and 5.
5
Let n(z) be the third derivative of 7*z**4/12 + 3*z**3 + 10*z**2 + 4*z. Let l be n(3). Calculate the highest common divisor of 210 and l.
30
Let y = 34 - -1021. Suppose -4*o + 1070 = -17*g + 19*g, 2*g = -o + y. What is the greatest common factor of g and 21?
21
Let a(p) = -p**2 - 3*p + 4. Suppose 0 = -3*w + 14 - 26. Let u be a(w). Let s be (u - (-176)/(-6))*(16 + -19). Calculate the highest common divisor of s and 11.
11
Let o = -1266 + 2799. What is the greatest common divisor of 21 and o?
21
Suppose 2*d + 64 = 3*i + 2*i, 3*d = 3*i - 33. Let r = 23 - i. Let f be 9*((-10)/75 - (-94)/30). Calculate the greatest common factor of f and r.
9
Let p be 124/20*(4 + 1). What is the greatest common factor of 18321 and p?
31
Let n(i) = 111*i + 302. Let m be n(-2). What is the highest common divisor of m and 380?
20
Let p be -2 + 38 - -4*1. Suppose -r = 4*m - 9, 3*m + 1 = r - m. Suppose y - r*y = -12, -b = 5*y - 23. Calculate the greatest common divisor of p and b.
8
Let f(a) = -36*a + 51. Let i be f(-3). Let z = i - 83. What is the highest common factor of 19 and z?
19
Let g(i) be the seco